{"id":463,"date":"2023-12-17T13:52:58","date_gmt":"2023-12-17T12:52:58","guid":{"rendered":"https:\/\/www.objectifaune.fr\/?page_id=463"},"modified":"2026-01-13T15:22:38","modified_gmt":"2026-01-13T14:22:38","slug":"ecureuil-roux","status":"publish","type":"page","link":"https:\/\/www.objectifaune.fr\/index.php\/ecureuil-roux\/","title":{"rendered":"Ecureuil roux"},"content":{"rendered":"<div id=\"envira-gallery-wrap-581\" class=\"envira-gallery-wrap envira-gallery-theme-base envira-lightbox-theme-base\" itemscope itemtype=\"https:\/\/schema.org\/ImageGallery\"><div data-row-height=\"150\" data-gallery-theme=\"normal\" id=\"envira-gallery-581\" class=\"envira-gallery-public envira-gallery-justified-public envira-gallery-0-columns envira-clear enviratope envira-gallery-css-animations\" data-envira-columns=\"0\"><div id=\"envira-gallery-item-461\" class=\"envira-gallery-item enviratope-item envira-gallery-item-1 envira-lazy-load\" style=\"padding-left: 5px; padding-bottom: 10px; padding-right: 5px;\"  itemscope itemtype=\"https:\/\/schema.org\/ImageObject\"><div class=\"envira-gallery-item-inner\"><div class=\"envira-gallery-position-overlay  envira-gallery-top-left\"><\/div><div class=\"envira-gallery-position-overlay  envira-gallery-top-right\"><\/div><div class=\"envira-gallery-position-overlay  envira-gallery-bottom-left\"><\/div><div class=\"envira-gallery-position-overlay  envira-gallery-bottom-right\"><\/div><a href=\"https:\/\/www.objectifaune.fr\/wp-content\/uploads\/2023\/12\/DSC_3378_DxO-scaled.jpg\" class=\"envira-gallery-581 envira-gallery-link\" rel=\"enviragallery581\" title=\"ecureuil roux\" data-envira-caption=\"ecureuil roux\" data-envira-retina=\"\" data-thumbnail=\"\"  itemprop=\"contentUrl\"><img decoding=\"async\" id=\"envira-gallery-image-461\" class=\"envira-gallery-image envira-gallery-image-1 envira-normal envira-lazy\" data-envira-index=\"1\" src=\"https:\/\/www.objectifaune.fr\/wp-content\/uploads\/2023\/12\/DSC_3378_DxO-1024x683-640x480.jpg\" data-envira-src=\"https:\/\/www.objectifaune.fr\/wp-content\/uploads\/2023\/12\/DSC_3378_DxO-1024x683-640x480.jpg\" data-envira-gallery-id=\"581\" data-envira-item-id=\"461\" data-envira-caption=\"ecureuil roux\" alt=\"\" title=\"ecureuil roux\"  itemprop=\"thumbnailUrl\" data-envira-srcset=\"https:\/\/www.objectifaune.fr\/wp-content\/uploads\/2023\/12\/DSC_3378_DxO-1024x683-640x480.jpg 400w,https:\/\/www.objectifaune.fr\/wp-content\/uploads\/2023\/12\/DSC_3378_DxO-1024x683-640x480.jpg 2x\" data-envira-width=\"300\" data-envira-height=\"200\" srcset=\"data:image\/gif;base64,R0lGODlhAQABAIAAAP\/\/\/\/\/\/\/yH5BAEKAAEALAAAAAABAAEAAAICTAEAOw==\" data-safe-src=\"data:image\/gif;base64,R0lGODlhAQABAIAAAP\/\/\/\/\/\/\/yH5BAEKAAEALAAAAAABAAEAAAICTAEAOw==\" \/><\/a><\/div><\/div><div id=\"envira-gallery-item-460\" class=\"envira-gallery-item enviratope-item envira-gallery-item-2 envira-lazy-load\" style=\"padding-left: 5px; padding-bottom: 10px; padding-right: 5px;\"  itemscope itemtype=\"https:\/\/schema.org\/ImageObject\"><div class=\"envira-gallery-item-inner\"><div class=\"envira-gallery-position-overlay  envira-gallery-top-left\"><\/div><div class=\"envira-gallery-position-overlay  envira-gallery-top-right\"><\/div><div class=\"envira-gallery-position-overlay  envira-gallery-bottom-left\"><\/div><div class=\"envira-gallery-position-overlay  envira-gallery-bottom-right\"><\/div><a href=\"https:\/\/www.objectifaune.fr\/wp-content\/uploads\/2023\/12\/DSC_3289_DxO-scaled.jpg\" class=\"envira-gallery-581 envira-gallery-link\" rel=\"enviragallery581\" title=\"ecureuil roux\" data-envira-caption=\"ecureuil roux\" data-envira-retina=\"\" data-thumbnail=\"\"  itemprop=\"contentUrl\"><img decoding=\"async\" id=\"envira-gallery-image-460\" class=\"envira-gallery-image envira-gallery-image-2 envira-normal envira-lazy\" data-envira-index=\"2\" src=\"https:\/\/www.objectifaune.fr\/wp-content\/uploads\/2023\/12\/DSC_3289_DxO-1024x683-640x480.jpg\" data-envira-src=\"https:\/\/www.objectifaune.fr\/wp-content\/uploads\/2023\/12\/DSC_3289_DxO-1024x683-640x480.jpg\" data-envira-gallery-id=\"581\" data-envira-item-id=\"460\" data-envira-caption=\"ecureuil roux\" alt=\"\" title=\"ecureuil roux\"  itemprop=\"thumbnailUrl\" data-envira-srcset=\"https:\/\/www.objectifaune.fr\/wp-content\/uploads\/2023\/12\/DSC_3289_DxO-1024x683-640x480.jpg 400w,https:\/\/www.objectifaune.fr\/wp-content\/uploads\/2023\/12\/DSC_3289_DxO-1024x683-640x480.jpg 2x\" data-envira-width=\"300\" data-envira-height=\"200\" srcset=\"data:image\/gif;base64,R0lGODlhAQABAIAAAP\/\/\/\/\/\/\/yH5BAEKAAEALAAAAAABAAEAAAICTAEAOw==\" data-safe-src=\"data:image\/gif;base64,R0lGODlhAQABAIAAAP\/\/\/\/\/\/\/yH5BAEKAAEALAAAAAABAAEAAAICTAEAOw==\" \/><\/a><\/div><\/div><div id=\"envira-gallery-item-462\" class=\"envira-gallery-item enviratope-item envira-gallery-item-3 envira-lazy-load\" style=\"padding-left: 5px; padding-bottom: 10px; padding-right: 5px;\"  itemscope itemtype=\"https:\/\/schema.org\/ImageObject\"><div class=\"envira-gallery-item-inner\"><div class=\"envira-gallery-position-overlay  envira-gallery-top-left\"><\/div><div class=\"envira-gallery-position-overlay  envira-gallery-top-right\"><\/div><div class=\"envira-gallery-position-overlay  envira-gallery-bottom-left\"><\/div><div class=\"envira-gallery-position-overlay  envira-gallery-bottom-right\"><\/div><a href=\"https:\/\/www.objectifaune.fr\/wp-content\/uploads\/2023\/12\/DSC_4524_DxO-scaled.jpg\" class=\"envira-gallery-581 envira-gallery-link\" rel=\"enviragallery581\" title=\"&eacute;cureuil roux\" data-envira-caption=\"&eacute;cureuil roux\" data-envira-retina=\"\" data-thumbnail=\"\"  itemprop=\"contentUrl\"><img decoding=\"async\" id=\"envira-gallery-image-462\" class=\"envira-gallery-image envira-gallery-image-3 envira-normal envira-lazy\" data-envira-index=\"3\" src=\"https:\/\/www.objectifaune.fr\/wp-content\/uploads\/2023\/12\/DSC_4524_DxO-1024x683-640x480.jpg\" data-envira-src=\"https:\/\/www.objectifaune.fr\/wp-content\/uploads\/2023\/12\/DSC_4524_DxO-1024x683-640x480.jpg\" data-envira-gallery-id=\"581\" data-envira-item-id=\"462\" data-envira-caption=\"&eacute;cureuil roux\" alt=\"\" title=\"\u00e9cureuil roux\"  itemprop=\"thumbnailUrl\" data-envira-srcset=\"https:\/\/www.objectifaune.fr\/wp-content\/uploads\/2023\/12\/DSC_4524_DxO-1024x683-640x480.jpg 400w,https:\/\/www.objectifaune.fr\/wp-content\/uploads\/2023\/12\/DSC_4524_DxO-1024x683-640x480.jpg 2x\" data-envira-width=\"300\" data-envira-height=\"200\" srcset=\"data:image\/gif;base64,R0lGODlhAQABAIAAAP\/\/\/\/\/\/\/yH5BAEKAAEALAAAAAABAAEAAAICTAEAOw==\" data-safe-src=\"data:image\/gif;base64,R0lGODlhAQABAIAAAP\/\/\/\/\/\/\/yH5BAEKAAEALAAAAAABAAEAAAICTAEAOw==\" \/><\/a><\/div><\/div><div id=\"envira-gallery-item-459\" class=\"envira-gallery-item enviratope-item envira-gallery-item-4 envira-lazy-load\" style=\"padding-left: 5px; padding-bottom: 10px; padding-right: 5px;\"  itemscope itemtype=\"https:\/\/schema.org\/ImageObject\"><div class=\"envira-gallery-item-inner\"><div class=\"envira-gallery-position-overlay  envira-gallery-top-left\"><\/div><div class=\"envira-gallery-position-overlay  envira-gallery-top-right\"><\/div><div class=\"envira-gallery-position-overlay  envira-gallery-bottom-left\"><\/div><div class=\"envira-gallery-position-overlay  envira-gallery-bottom-right\"><\/div><a href=\"https:\/\/www.objectifaune.fr\/wp-content\/uploads\/2023\/12\/DSC_0537-scaled.jpg\" class=\"envira-gallery-581 envira-gallery-link\" rel=\"enviragallery581\" title=\"ecureuil roux\" data-envira-caption=\"ecureuil roux\" data-envira-retina=\"\" data-thumbnail=\"\"  itemprop=\"contentUrl\"><img decoding=\"async\" id=\"envira-gallery-image-459\" class=\"envira-gallery-image envira-gallery-image-4 envira-normal envira-lazy\" data-envira-index=\"4\" src=\"https:\/\/www.objectifaune.fr\/wp-content\/uploads\/2023\/12\/DSC_0537-1024x637-640x480.jpg\" data-envira-src=\"https:\/\/www.objectifaune.fr\/wp-content\/uploads\/2023\/12\/DSC_0537-1024x637-640x480.jpg\" data-envira-gallery-id=\"581\" data-envira-item-id=\"459\" data-envira-caption=\"ecureuil roux\" alt=\"\" title=\"ecureuil roux\"  itemprop=\"thumbnailUrl\" data-envira-srcset=\"https:\/\/www.objectifaune.fr\/wp-content\/uploads\/2023\/12\/DSC_0537-1024x637-640x480.jpg 400w,https:\/\/www.objectifaune.fr\/wp-content\/uploads\/2023\/12\/DSC_0537-1024x637-640x480.jpg 2x\" data-envira-width=\"300\" data-envira-height=\"187\" srcset=\"data:image\/gif;base64,R0lGODlhAQABAIAAAP\/\/\/\/\/\/\/yH5BAEKAAEALAAAAAABAAEAAAICTAEAOw==\" data-safe-src=\"data:image\/gif;base64,R0lGODlhAQABAIAAAP\/\/\/\/\/\/\/yH5BAEKAAEALAAAAAABAAEAAAICTAEAOw==\" \/><\/a><\/div><\/div><div id=\"envira-gallery-item-458\" class=\"envira-gallery-item enviratope-item envira-gallery-item-5 envira-lazy-load\" style=\"padding-left: 5px; padding-bottom: 10px; padding-right: 5px;\"  itemscope itemtype=\"https:\/\/schema.org\/ImageObject\"><div class=\"envira-gallery-item-inner\"><div class=\"envira-gallery-position-overlay  envira-gallery-top-left\"><\/div><div class=\"envira-gallery-position-overlay  envira-gallery-top-right\"><\/div><div class=\"envira-gallery-position-overlay  envira-gallery-bottom-left\"><\/div><div class=\"envira-gallery-position-overlay  envira-gallery-bottom-right\"><\/div><a href=\"https:\/\/www.objectifaune.fr\/wp-content\/uploads\/2023\/12\/DSC_0517-scaled.jpg\" class=\"envira-gallery-581 envira-gallery-link\" rel=\"enviragallery581\" title=\"ecureuil roux\" data-envira-caption=\"ecureuil roux\" data-envira-retina=\"\" data-thumbnail=\"\"  itemprop=\"contentUrl\"><img decoding=\"async\" id=\"envira-gallery-image-458\" class=\"envira-gallery-image envira-gallery-image-5 envira-normal envira-lazy\" data-envira-index=\"5\" src=\"https:\/\/www.objectifaune.fr\/wp-content\/uploads\/2023\/12\/DSC_0517-1024x651-640x480.jpg\" data-envira-src=\"https:\/\/www.objectifaune.fr\/wp-content\/uploads\/2023\/12\/DSC_0517-1024x651-640x480.jpg\" data-envira-gallery-id=\"581\" data-envira-item-id=\"458\" data-envira-caption=\"ecureuil roux\" alt=\"\" title=\"ecureuil roux\"  itemprop=\"thumbnailUrl\" data-envira-srcset=\"https:\/\/www.objectifaune.fr\/wp-content\/uploads\/2023\/12\/DSC_0517-1024x651-640x480.jpg 400w,https:\/\/www.objectifaune.fr\/wp-content\/uploads\/2023\/12\/DSC_0517-1024x651-640x480.jpg 2x\" data-envira-width=\"300\" data-envira-height=\"191\" srcset=\"data:image\/gif;base64,R0lGODlhAQABAIAAAP\/\/\/\/\/\/\/yH5BAEKAAEALAAAAAABAAEAAAICTAEAOw==\" data-safe-src=\"data:image\/gif;base64,R0lGODlhAQABAIAAAP\/\/\/\/\/\/\/yH5BAEKAAEALAAAAAABAAEAAAICTAEAOw==\" \/><\/a><\/div><\/div><div id=\"envira-gallery-item-457\" class=\"envira-gallery-item enviratope-item envira-gallery-item-6 envira-lazy-load\" style=\"padding-left: 5px; padding-bottom: 10px; padding-right: 5px;\"  itemscope itemtype=\"https:\/\/schema.org\/ImageObject\"><div class=\"envira-gallery-item-inner\"><div class=\"envira-gallery-position-overlay  envira-gallery-top-left\"><\/div><div class=\"envira-gallery-position-overlay  envira-gallery-top-right\"><\/div><div class=\"envira-gallery-position-overlay  envira-gallery-bottom-left\"><\/div><div class=\"envira-gallery-position-overlay  envira-gallery-bottom-right\"><\/div><a href=\"https:\/\/www.objectifaune.fr\/wp-content\/uploads\/2023\/12\/DSC_0505-scaled.jpg\" class=\"envira-gallery-581 envira-gallery-link\" rel=\"enviragallery581\" title=\"&eacute;cureuil roux\" data-envira-caption=\"&eacute;cureuil roux\" data-envira-retina=\"\" data-thumbnail=\"\"  itemprop=\"contentUrl\"><img decoding=\"async\" id=\"envira-gallery-image-457\" class=\"envira-gallery-image envira-gallery-image-6 envira-normal envira-lazy\" data-envira-index=\"6\" src=\"https:\/\/www.objectifaune.fr\/wp-content\/uploads\/2023\/12\/DSC_0505-1024x583-640x480.jpg\" data-envira-src=\"https:\/\/www.objectifaune.fr\/wp-content\/uploads\/2023\/12\/DSC_0505-1024x583-640x480.jpg\" data-envira-gallery-id=\"581\" data-envira-item-id=\"457\" data-envira-caption=\"&eacute;cureuil roux\" alt=\"\" title=\"\u00e9cureuil roux\"  itemprop=\"thumbnailUrl\" data-envira-srcset=\"https:\/\/www.objectifaune.fr\/wp-content\/uploads\/2023\/12\/DSC_0505-1024x583-640x480.jpg 400w,https:\/\/www.objectifaune.fr\/wp-content\/uploads\/2023\/12\/DSC_0505-1024x583-640x480.jpg 2x\" data-envira-width=\"300\" data-envira-height=\"171\" srcset=\"data:image\/gif;base64,R0lGODlhAQABAIAAAP\/\/\/\/\/\/\/yH5BAEKAAEALAAAAAABAAEAAAICTAEAOw==\" data-safe-src=\"data:image\/gif;base64,R0lGODlhAQABAIAAAP\/\/\/\/\/\/\/yH5BAEKAAEALAAAAAABAAEAAAICTAEAOw==\" \/><\/a><\/div><\/div><div id=\"envira-gallery-item-455\" class=\"envira-gallery-item enviratope-item envira-gallery-item-7 envira-lazy-load\" style=\"padding-left: 5px; padding-bottom: 10px; padding-right: 5px;\"  itemscope itemtype=\"https:\/\/schema.org\/ImageObject\"><div class=\"envira-gallery-item-inner\"><div class=\"envira-gallery-position-overlay  envira-gallery-top-left\"><\/div><div class=\"envira-gallery-position-overlay  envira-gallery-top-right\"><\/div><div class=\"envira-gallery-position-overlay  envira-gallery-bottom-left\"><\/div><div class=\"envira-gallery-position-overlay  envira-gallery-bottom-right\"><\/div><a href=\"https:\/\/www.objectifaune.fr\/wp-content\/uploads\/2023\/12\/DSC_0417-scaled.jpg\" class=\"envira-gallery-581 envira-gallery-link\" rel=\"enviragallery581\" title=\"ecureuil roux\" data-envira-caption=\"ecureuil roux\" data-envira-retina=\"\" data-thumbnail=\"\"  itemprop=\"contentUrl\"><img decoding=\"async\" id=\"envira-gallery-image-455\" class=\"envira-gallery-image envira-gallery-image-7 envira-normal envira-lazy\" data-envira-index=\"7\" src=\"https:\/\/www.objectifaune.fr\/wp-content\/uploads\/2023\/12\/DSC_0417-1024x562-640x480.jpg\" data-envira-src=\"https:\/\/www.objectifaune.fr\/wp-content\/uploads\/2023\/12\/DSC_0417-1024x562-640x480.jpg\" data-envira-gallery-id=\"581\" data-envira-item-id=\"455\" data-envira-caption=\"ecureuil roux\" alt=\"\" title=\"ecureuil roux\"  itemprop=\"thumbnailUrl\" data-envira-srcset=\"https:\/\/www.objectifaune.fr\/wp-content\/uploads\/2023\/12\/DSC_0417-1024x562-640x480.jpg 400w,https:\/\/www.objectifaune.fr\/wp-content\/uploads\/2023\/12\/DSC_0417-1024x562-640x480.jpg 2x\" data-envira-width=\"300\" data-envira-height=\"165\" srcset=\"data:image\/gif;base64,R0lGODlhAQABAIAAAP\/\/\/\/\/\/\/yH5BAEKAAEALAAAAAABAAEAAAICTAEAOw==\" data-safe-src=\"data:image\/gif;base64,R0lGODlhAQABAIAAAP\/\/\/\/\/\/\/yH5BAEKAAEALAAAAAABAAEAAAICTAEAOw==\" \/><\/a><\/div><\/div><div id=\"envira-gallery-item-454\" class=\"envira-gallery-item enviratope-item envira-gallery-item-8 envira-lazy-load\" style=\"padding-left: 5px; padding-bottom: 10px; padding-right: 5px;\"  itemscope itemtype=\"https:\/\/schema.org\/ImageObject\"><div class=\"envira-gallery-item-inner\"><div class=\"envira-gallery-position-overlay  envira-gallery-top-left\"><\/div><div class=\"envira-gallery-position-overlay  envira-gallery-top-right\"><\/div><div class=\"envira-gallery-position-overlay  envira-gallery-bottom-left\"><\/div><div class=\"envira-gallery-position-overlay  envira-gallery-bottom-right\"><\/div><a href=\"https:\/\/www.objectifaune.fr\/wp-content\/uploads\/2023\/12\/DSC_0363-scaled.jpg\" class=\"envira-gallery-581 envira-gallery-link\" rel=\"enviragallery581\" title=\"ecureuil roux\" data-envira-caption=\"ecureuil roux\" data-envira-retina=\"\" data-thumbnail=\"\"  itemprop=\"contentUrl\"><img decoding=\"async\" id=\"envira-gallery-image-454\" class=\"envira-gallery-image envira-gallery-image-8 envira-normal envira-lazy\" data-envira-index=\"8\" src=\"https:\/\/www.objectifaune.fr\/wp-content\/uploads\/2023\/12\/DSC_0363-1024x651-640x480.jpg\" data-envira-src=\"https:\/\/www.objectifaune.fr\/wp-content\/uploads\/2023\/12\/DSC_0363-1024x651-640x480.jpg\" data-envira-gallery-id=\"581\" data-envira-item-id=\"454\" data-envira-caption=\"ecureuil roux\" alt=\"\" title=\"ecureuil roux\"  itemprop=\"thumbnailUrl\" data-envira-srcset=\"https:\/\/www.objectifaune.fr\/wp-content\/uploads\/2023\/12\/DSC_0363-1024x651-640x480.jpg 400w,https:\/\/www.objectifaune.fr\/wp-content\/uploads\/2023\/12\/DSC_0363-1024x651-640x480.jpg 2x\" data-envira-width=\"300\" data-envira-height=\"191\" srcset=\"data:image\/gif;base64,R0lGODlhAQABAIAAAP\/\/\/\/\/\/\/yH5BAEKAAEALAAAAAABAAEAAAICTAEAOw==\" data-safe-src=\"data:image\/gif;base64,R0lGODlhAQABAIAAAP\/\/\/\/\/\/\/yH5BAEKAAEALAAAAAABAAEAAAICTAEAOw==\" \/><\/a><\/div><\/div><\/div><\/div><noscript><img decoding=\"async\" src=\"https:\/\/www.objectifaune.fr\/wp-content\/uploads\/2023\/12\/DSC_3378_DxO-scaled.jpg\" alt=\"\" \/><img decoding=\"async\" src=\"https:\/\/www.objectifaune.fr\/wp-content\/uploads\/2023\/12\/DSC_3289_DxO-scaled.jpg\" alt=\"\" \/><img decoding=\"async\" src=\"https:\/\/www.objectifaune.fr\/wp-content\/uploads\/2023\/12\/DSC_4524_DxO-scaled.jpg\" alt=\"\" \/><img decoding=\"async\" src=\"https:\/\/www.objectifaune.fr\/wp-content\/uploads\/2023\/12\/DSC_0537-scaled.jpg\" alt=\"\" \/><img decoding=\"async\" src=\"https:\/\/www.objectifaune.fr\/wp-content\/uploads\/2023\/12\/DSC_0517-scaled.jpg\" alt=\"\" \/><img decoding=\"async\" src=\"https:\/\/www.objectifaune.fr\/wp-content\/uploads\/2023\/12\/DSC_0505-scaled.jpg\" alt=\"\" \/><img decoding=\"async\" src=\"https:\/\/www.objectifaune.fr\/wp-content\/uploads\/2023\/12\/DSC_0417-scaled.jpg\" alt=\"\" \/><img decoding=\"async\" src=\"https:\/\/www.objectifaune.fr\/wp-content\/uploads\/2023\/12\/DSC_0363-scaled.jpg\" alt=\"\" \/><\/noscript>\n","protected":false},"excerpt":{"rendered":"","protected":false},"author":2,"featured_media":0,"parent":0,"menu_order":0,"comment_status":"closed","ping_status":"closed","template":"","meta":{"footnotes":""},"class_list":["post-463","page","type-page","status-publish","hentry","entry"],"yoast_head":"<!-- This site is optimized with the Yoast SEO plugin v27.4 - https:\/\/yoast.com\/product\/yoast-seo-wordpress\/ -->\n<title>Ecureuil roux - Un regard sur la nature<\/title>\n<meta name=\"description\" content=\"Sequence de plusieurs \u00e9cureuils roux dans les diff\u00e9rents secteurs g\u00e9ographiques des Bouches du Rh\u00f4ne\" \/>\n<meta name=\"robots\" content=\"index, follow, max-snippet:-1, max-image-preview:large, max-video-preview:-1\" \/>\n<link rel=\"canonical\" href=\"https:\/\/www.objectifaune.fr\/index.php\/ecureuil-roux\/\" \/>\n<meta property=\"og:locale\" content=\"fr_FR\" \/>\n<meta property=\"og:type\" content=\"article\" \/>\n<meta property=\"og:title\" content=\"Ecureuil roux - Un regard sur la nature\" \/>\n<meta property=\"og:description\" content=\"Sequence de plusieurs \u00e9cureuils roux dans les diff\u00e9rents secteurs g\u00e9ographiques des Bouches du Rh\u00f4ne\" \/>\n<meta property=\"og:url\" content=\"https:\/\/www.objectifaune.fr\/index.php\/ecureuil-roux\/\" \/>\n<meta property=\"og:site_name\" content=\"Un regard sur la nature\" \/>\n<meta property=\"article:modified_time\" content=\"2026-01-13T14:22:38+00:00\" \/>\n<meta name=\"twitter:card\" content=\"summary_large_image\" \/>\n<meta name=\"twitter:label1\" content=\"Dur\u00e9e de lecture estim\u00e9e\" \/>\n\t<meta name=\"twitter:data1\" content=\"1 minute\" \/>\n<script type=\"application\/ld+json\" class=\"yoast-schema-graph\">{\"@context\":\"https:\\\/\\\/schema.org\",\"@graph\":[{\"@type\":\"WebPage\",\"@id\":\"https:\\\/\\\/www.objectifaune.fr\\\/index.php\\\/ecureuil-roux\\\/\",\"url\":\"https:\\\/\\\/www.objectifaune.fr\\\/index.php\\\/ecureuil-roux\\\/\",\"name\":\"Ecureuil roux - Un regard sur la nature\",\"isPartOf\":{\"@id\":\"https:\\\/\\\/www.objectifaune.fr\\\/#website\"},\"datePublished\":\"2023-12-17T12:52:58+00:00\",\"dateModified\":\"2026-01-13T14:22:38+00:00\",\"description\":\"Sequence de plusieurs \u00e9cureuils roux dans les diff\u00e9rents secteurs g\u00e9ographiques des Bouches du Rh\u00f4ne\",\"breadcrumb\":{\"@id\":\"https:\\\/\\\/www.objectifaune.fr\\\/index.php\\\/ecureuil-roux\\\/#breadcrumb\"},\"inLanguage\":\"fr-FR\",\"potentialAction\":[{\"@type\":\"ReadAction\",\"target\":[\"https:\\\/\\\/www.objectifaune.fr\\\/index.php\\\/ecureuil-roux\\\/\"]}]},{\"@type\":\"BreadcrumbList\",\"@id\":\"https:\\\/\\\/www.objectifaune.fr\\\/index.php\\\/ecureuil-roux\\\/#breadcrumb\",\"itemListElement\":[{\"@type\":\"ListItem\",\"position\":1,\"name\":\"Accueil\",\"item\":\"https:\\\/\\\/www.objectifaune.fr\\\/\"},{\"@type\":\"ListItem\",\"position\":2,\"name\":\"Ecureuil roux\"}]},{\"@type\":\"WebSite\",\"@id\":\"https:\\\/\\\/www.objectifaune.fr\\\/#website\",\"url\":\"https:\\\/\\\/www.objectifaune.fr\\\/\",\"name\":\"objectifaune\",\"description\":\"\",\"publisher\":{\"@id\":\"https:\\\/\\\/www.objectifaune.fr\\\/#\\\/schema\\\/person\\\/bbdca95880e44b4c023a82443e3ff23e\"},\"potentialAction\":[{\"@type\":\"SearchAction\",\"target\":{\"@type\":\"EntryPoint\",\"urlTemplate\":\"https:\\\/\\\/www.objectifaune.fr\\\/?s={search_term_string}\"},\"query-input\":{\"@type\":\"PropertyValueSpecification\",\"valueRequired\":true,\"valueName\":\"search_term_string\"}}],\"inLanguage\":\"fr-FR\"},{\"@type\":[\"Person\",\"Organization\"],\"@id\":\"https:\\\/\\\/www.objectifaune.fr\\\/#\\\/schema\\\/person\\\/bbdca95880e44b4c023a82443e3ff23e\",\"name\":\"christophe\",\"image\":{\"@type\":\"ImageObject\",\"inLanguage\":\"fr-FR\",\"@id\":\"https:\\\/\\\/secure.gravatar.com\\\/avatar\\\/9c6f9b8465b965e8affa3bec0b793174662d4390e99a3857bd8cc937449932cc?s=96&d=mm&r=g\",\"url\":\"https:\\\/\\\/secure.gravatar.com\\\/avatar\\\/9c6f9b8465b965e8affa3bec0b793174662d4390e99a3857bd8cc937449932cc?s=96&d=mm&r=g\",\"contentUrl\":\"https:\\\/\\\/secure.gravatar.com\\\/avatar\\\/9c6f9b8465b965e8affa3bec0b793174662d4390e99a3857bd8cc937449932cc?s=96&d=mm&r=g\",\"caption\":\"christophe\"},\"logo\":{\"@id\":\"https:\\\/\\\/secure.gravatar.com\\\/avatar\\\/9c6f9b8465b965e8affa3bec0b793174662d4390e99a3857bd8cc937449932cc?s=96&d=mm&r=g\"}}]}<\/script>\n<!-- \/ Yoast SEO plugin. -->","yoast_head_json":{"title":"Ecureuil roux - Un regard sur la nature","description":"Sequence de plusieurs \u00e9cureuils roux dans les diff\u00e9rents secteurs g\u00e9ographiques des Bouches du Rh\u00f4ne","robots":{"index":"index","follow":"follow","max-snippet":"max-snippet:-1","max-image-preview":"max-image-preview:large","max-video-preview":"max-video-preview:-1"},"canonical":"https:\/\/www.objectifaune.fr\/index.php\/ecureuil-roux\/","og_locale":"fr_FR","og_type":"article","og_title":"Ecureuil roux - Un regard sur la nature","og_description":"Sequence de plusieurs \u00e9cureuils roux dans les diff\u00e9rents secteurs g\u00e9ographiques des Bouches du Rh\u00f4ne","og_url":"https:\/\/www.objectifaune.fr\/index.php\/ecureuil-roux\/","og_site_name":"Un regard sur la nature","article_modified_time":"2026-01-13T14:22:38+00:00","twitter_card":"summary_large_image","twitter_misc":{"Dur\u00e9e de lecture estim\u00e9e":"1 minute"},"schema":{"@context":"https:\/\/schema.org","@graph":[{"@type":"WebPage","@id":"https:\/\/www.objectifaune.fr\/index.php\/ecureuil-roux\/","url":"https:\/\/www.objectifaune.fr\/index.php\/ecureuil-roux\/","name":"Ecureuil roux - Un regard sur la nature","isPartOf":{"@id":"https:\/\/www.objectifaune.fr\/#website"},"datePublished":"2023-12-17T12:52:58+00:00","dateModified":"2026-01-13T14:22:38+00:00","description":"Sequence de plusieurs \u00e9cureuils roux dans les diff\u00e9rents secteurs g\u00e9ographiques des Bouches du Rh\u00f4ne","breadcrumb":{"@id":"https:\/\/www.objectifaune.fr\/index.php\/ecureuil-roux\/#breadcrumb"},"inLanguage":"fr-FR","potentialAction":[{"@type":"ReadAction","target":["https:\/\/www.objectifaune.fr\/index.php\/ecureuil-roux\/"]}]},{"@type":"BreadcrumbList","@id":"https:\/\/www.objectifaune.fr\/index.php\/ecureuil-roux\/#breadcrumb","itemListElement":[{"@type":"ListItem","position":1,"name":"Accueil","item":"https:\/\/www.objectifaune.fr\/"},{"@type":"ListItem","position":2,"name":"Ecureuil roux"}]},{"@type":"WebSite","@id":"https:\/\/www.objectifaune.fr\/#website","url":"https:\/\/www.objectifaune.fr\/","name":"objectifaune","description":"","publisher":{"@id":"https:\/\/www.objectifaune.fr\/#\/schema\/person\/bbdca95880e44b4c023a82443e3ff23e"},"potentialAction":[{"@type":"SearchAction","target":{"@type":"EntryPoint","urlTemplate":"https:\/\/www.objectifaune.fr\/?s={search_term_string}"},"query-input":{"@type":"PropertyValueSpecification","valueRequired":true,"valueName":"search_term_string"}}],"inLanguage":"fr-FR"},{"@type":["Person","Organization"],"@id":"https:\/\/www.objectifaune.fr\/#\/schema\/person\/bbdca95880e44b4c023a82443e3ff23e","name":"christophe","image":{"@type":"ImageObject","inLanguage":"fr-FR","@id":"https:\/\/secure.gravatar.com\/avatar\/9c6f9b8465b965e8affa3bec0b793174662d4390e99a3857bd8cc937449932cc?s=96&d=mm&r=g","url":"https:\/\/secure.gravatar.com\/avatar\/9c6f9b8465b965e8affa3bec0b793174662d4390e99a3857bd8cc937449932cc?s=96&d=mm&r=g","contentUrl":"https:\/\/secure.gravatar.com\/avatar\/9c6f9b8465b965e8affa3bec0b793174662d4390e99a3857bd8cc937449932cc?s=96&d=mm&r=g","caption":"christophe"},"logo":{"@id":"https:\/\/secure.gravatar.com\/avatar\/9c6f9b8465b965e8affa3bec0b793174662d4390e99a3857bd8cc937449932cc?s=96&d=mm&r=g"}}]}},"_links":{"self":[{"href":"https:\/\/www.objectifaune.fr\/index.php\/wp-json\/wp\/v2\/pages\/463","targetHints":{"allow":["GET"]}}],"collection":[{"href":"https:\/\/www.objectifaune.fr\/index.php\/wp-json\/wp\/v2\/pages"}],"about":[{"href":"https:\/\/www.objectifaune.fr\/index.php\/wp-json\/wp\/v2\/types\/page"}],"author":[{"embeddable":true,"href":"https:\/\/www.objectifaune.fr\/index.php\/wp-json\/wp\/v2\/users\/2"}],"replies":[{"embeddable":true,"href":"https:\/\/www.objectifaune.fr\/index.php\/wp-json\/wp\/v2\/comments?post=463"}],"version-history":[{"count":3,"href":"https:\/\/www.objectifaune.fr\/index.php\/wp-json\/wp\/v2\/pages\/463\/revisions"}],"predecessor-version":[{"id":1171,"href":"https:\/\/www.objectifaune.fr\/index.php\/wp-json\/wp\/v2\/pages\/463\/revisions\/1171"}],"wp:attachment":[{"href":"https:\/\/www.objectifaune.fr\/index.php\/wp-json\/wp\/v2\/media?parent=463"}],"curies":[{"name":"wp","href":"https:\/\/api.w.org\/{rel}","templated":true}]}}