{"id":1007,"date":"2025-05-20T09:44:39","date_gmt":"2025-05-20T07:44:39","guid":{"rendered":"https:\/\/www.objectifaune.fr\/?page_id=1007"},"modified":"2025-05-20T09:44:39","modified_gmt":"2025-05-20T07:44:39","slug":"videos-de-guepier-deurope","status":"publish","type":"page","link":"https:\/\/www.objectifaune.fr\/index.php\/videos-de-guepier-deurope\/","title":{"rendered":"Vid\u00e9os de Gu\u00eapier d&rsquo;Europe"},"content":{"rendered":"\n<figure class=\"wp-block-video\"><video height=\"1080\" style=\"aspect-ratio: 1920 \/ 1080;\" width=\"1920\" controls src=\"https:\/\/www.objectifaune.fr\/wp-content\/uploads\/2025\/05\/guepier_perchoir.mp4\"><\/video><\/figure>\n\n\n\n<pre class=\"wp-block-preformatted has-black-color has-very-light-gray-to-cyan-bluish-gray-gradient-background has-text-color has-background has-link-color wp-elements-37e43c15188c2fb1f11a763d561c1b9d\">C'est mon perchoir, pas le tien... <\/pre>\n\n\n\n<figure class=\"wp-block-video\"><video height=\"1080\" style=\"aspect-ratio: 1920 \/ 1080;\" width=\"1920\" controls src=\"https:\/\/www.objectifaune.fr\/wp-content\/uploads\/2025\/05\/guepier_chant.mp4\"><\/video><\/figure>\n\n\n\n<pre class=\"wp-block-preformatted has-black-color has-very-light-gray-to-cyan-bluish-gray-gradient-background has-text-color has-background has-link-color wp-elements-44abd47e360b5ce4167d9eeca03055be\">Les copains, je suis l\u00e0 !<\/pre>\n\n\n\n<figure class=\"wp-block-video\"><video height=\"1080\" style=\"aspect-ratio: 1920 \/ 1080;\" width=\"1920\" controls src=\"https:\/\/www.objectifaune.fr\/wp-content\/uploads\/2025\/05\/guepier_guepe.mp4\"><\/video><\/figure>\n\n\n\n<pre class=\"wp-block-preformatted has-black-color has-very-light-gray-to-cyan-bluish-gray-gradient-background has-text-color has-background has-link-color wp-elements-1022916eb8fa42933c009c24a2290c57\">Gu\u00eapier en pleine action de nourrissage avec son abeille xylocope. Cette abeille bien qu'impressionnante est inoffensive mais tr\u00e8s importante car c'est un pollinisateur.  <\/pre>\n","protected":false},"excerpt":{"rendered":"<p>C&rsquo;est mon perchoir, pas le tien&#8230; Les copains, je suis l\u00e0 ! Gu\u00eapier en pleine action de nourrissage avec son abeille xylocope. Cette abeille bien qu&rsquo;impressionnante est inoffensive mais tr\u00e8s importante car c&rsquo;est un pollinisateur.<\/p>\n","protected":false},"author":2,"featured_media":0,"parent":0,"menu_order":0,"comment_status":"closed","ping_status":"closed","template":"","meta":{"footnotes":""},"class_list":["post-1007","page","type-page","status-publish","hentry","entry"],"yoast_head":"<!-- This site is optimized with the Yoast SEO plugin v27.5 - https:\/\/yoast.com\/product\/yoast-seo-wordpress\/ -->\n<title>Vid\u00e9os de Gu\u00eapier d&#039;Europe - Un regard sur la nature<\/title>\n<meta name=\"robots\" content=\"index, follow, max-snippet:-1, max-image-preview:large, max-video-preview:-1\" \/>\n<link rel=\"canonical\" href=\"https:\/\/www.objectifaune.fr\/?page_id=1007\" \/>\n<meta property=\"og:locale\" content=\"fr_FR\" \/>\n<meta property=\"og:type\" content=\"article\" \/>\n<meta property=\"og:title\" content=\"Vid\u00e9os de Gu\u00eapier d&#039;Europe - Un regard sur la nature\" \/>\n<meta property=\"og:description\" content=\"C&#039;est mon perchoir, pas le tien... Les copains, je suis l\u00e0 ! Gu\u00eapier en pleine action de nourrissage avec son abeille xylocope. Cette abeille bien qu&#039;impressionnante est inoffensive mais tr\u00e8s importante car c&#039;est un pollinisateur.\" \/>\n<meta property=\"og:url\" content=\"https:\/\/www.objectifaune.fr\/?page_id=1007\" \/>\n<meta property=\"og:site_name\" content=\"Un regard sur la nature\" \/>\n<meta name=\"twitter:card\" content=\"summary_large_image\" \/>\n<script type=\"application\/ld+json\" class=\"yoast-schema-graph\">{\"@context\":\"https:\\\/\\\/schema.org\",\"@graph\":[{\"@type\":\"WebPage\",\"@id\":\"https:\\\/\\\/www.objectifaune.fr\\\/?page_id=1007\",\"url\":\"https:\\\/\\\/www.objectifaune.fr\\\/?page_id=1007\",\"name\":\"Vid\u00e9os de Gu\u00eapier d'Europe - Un regard sur la nature\",\"isPartOf\":{\"@id\":\"https:\\\/\\\/www.objectifaune.fr\\\/#website\"},\"datePublished\":\"2025-05-20T07:44:39+00:00\",\"breadcrumb\":{\"@id\":\"https:\\\/\\\/www.objectifaune.fr\\\/?page_id=1007#breadcrumb\"},\"inLanguage\":\"fr-FR\",\"potentialAction\":[{\"@type\":\"ReadAction\",\"target\":[\"https:\\\/\\\/www.objectifaune.fr\\\/?page_id=1007\"]}]},{\"@type\":\"BreadcrumbList\",\"@id\":\"https:\\\/\\\/www.objectifaune.fr\\\/?page_id=1007#breadcrumb\",\"itemListElement\":[{\"@type\":\"ListItem\",\"position\":1,\"name\":\"Accueil\",\"item\":\"https:\\\/\\\/www.objectifaune.fr\\\/\"},{\"@type\":\"ListItem\",\"position\":2,\"name\":\"Vid\u00e9os de Gu\u00eapier d&rsquo;Europe\"}]},{\"@type\":\"WebSite\",\"@id\":\"https:\\\/\\\/www.objectifaune.fr\\\/#website\",\"url\":\"https:\\\/\\\/www.objectifaune.fr\\\/\",\"name\":\"objectifaune\",\"description\":\"\",\"publisher\":{\"@id\":\"https:\\\/\\\/www.objectifaune.fr\\\/#\\\/schema\\\/person\\\/bbdca95880e44b4c023a82443e3ff23e\"},\"potentialAction\":[{\"@type\":\"SearchAction\",\"target\":{\"@type\":\"EntryPoint\",\"urlTemplate\":\"https:\\\/\\\/www.objectifaune.fr\\\/?s={search_term_string}\"},\"query-input\":{\"@type\":\"PropertyValueSpecification\",\"valueRequired\":true,\"valueName\":\"search_term_string\"}}],\"inLanguage\":\"fr-FR\"},{\"@type\":[\"Person\",\"Organization\"],\"@id\":\"https:\\\/\\\/www.objectifaune.fr\\\/#\\\/schema\\\/person\\\/bbdca95880e44b4c023a82443e3ff23e\",\"name\":\"christophe\",\"image\":{\"@type\":\"ImageObject\",\"inLanguage\":\"fr-FR\",\"@id\":\"https:\\\/\\\/secure.gravatar.com\\\/avatar\\\/9c6f9b8465b965e8affa3bec0b793174662d4390e99a3857bd8cc937449932cc?s=96&d=mm&r=g\",\"url\":\"https:\\\/\\\/secure.gravatar.com\\\/avatar\\\/9c6f9b8465b965e8affa3bec0b793174662d4390e99a3857bd8cc937449932cc?s=96&d=mm&r=g\",\"contentUrl\":\"https:\\\/\\\/secure.gravatar.com\\\/avatar\\\/9c6f9b8465b965e8affa3bec0b793174662d4390e99a3857bd8cc937449932cc?s=96&d=mm&r=g\",\"caption\":\"christophe\"},\"logo\":{\"@id\":\"https:\\\/\\\/secure.gravatar.com\\\/avatar\\\/9c6f9b8465b965e8affa3bec0b793174662d4390e99a3857bd8cc937449932cc?s=96&d=mm&r=g\"}}]}<\/script>\n<!-- \/ Yoast SEO plugin. -->","yoast_head_json":{"title":"Vid\u00e9os de Gu\u00eapier d'Europe - Un regard sur la nature","robots":{"index":"index","follow":"follow","max-snippet":"max-snippet:-1","max-image-preview":"max-image-preview:large","max-video-preview":"max-video-preview:-1"},"canonical":"https:\/\/www.objectifaune.fr\/?page_id=1007","og_locale":"fr_FR","og_type":"article","og_title":"Vid\u00e9os de Gu\u00eapier d'Europe - Un regard sur la nature","og_description":"C'est mon perchoir, pas le tien... Les copains, je suis l\u00e0 ! Gu\u00eapier en pleine action de nourrissage avec son abeille xylocope. Cette abeille bien qu'impressionnante est inoffensive mais tr\u00e8s importante car c'est un pollinisateur.","og_url":"https:\/\/www.objectifaune.fr\/?page_id=1007","og_site_name":"Un regard sur la nature","twitter_card":"summary_large_image","schema":{"@context":"https:\/\/schema.org","@graph":[{"@type":"WebPage","@id":"https:\/\/www.objectifaune.fr\/?page_id=1007","url":"https:\/\/www.objectifaune.fr\/?page_id=1007","name":"Vid\u00e9os de Gu\u00eapier d'Europe - Un regard sur la nature","isPartOf":{"@id":"https:\/\/www.objectifaune.fr\/#website"},"datePublished":"2025-05-20T07:44:39+00:00","breadcrumb":{"@id":"https:\/\/www.objectifaune.fr\/?page_id=1007#breadcrumb"},"inLanguage":"fr-FR","potentialAction":[{"@type":"ReadAction","target":["https:\/\/www.objectifaune.fr\/?page_id=1007"]}]},{"@type":"BreadcrumbList","@id":"https:\/\/www.objectifaune.fr\/?page_id=1007#breadcrumb","itemListElement":[{"@type":"ListItem","position":1,"name":"Accueil","item":"https:\/\/www.objectifaune.fr\/"},{"@type":"ListItem","position":2,"name":"Vid\u00e9os de Gu\u00eapier d&rsquo;Europe"}]},{"@type":"WebSite","@id":"https:\/\/www.objectifaune.fr\/#website","url":"https:\/\/www.objectifaune.fr\/","name":"objectifaune","description":"","publisher":{"@id":"https:\/\/www.objectifaune.fr\/#\/schema\/person\/bbdca95880e44b4c023a82443e3ff23e"},"potentialAction":[{"@type":"SearchAction","target":{"@type":"EntryPoint","urlTemplate":"https:\/\/www.objectifaune.fr\/?s={search_term_string}"},"query-input":{"@type":"PropertyValueSpecification","valueRequired":true,"valueName":"search_term_string"}}],"inLanguage":"fr-FR"},{"@type":["Person","Organization"],"@id":"https:\/\/www.objectifaune.fr\/#\/schema\/person\/bbdca95880e44b4c023a82443e3ff23e","name":"christophe","image":{"@type":"ImageObject","inLanguage":"fr-FR","@id":"https:\/\/secure.gravatar.com\/avatar\/9c6f9b8465b965e8affa3bec0b793174662d4390e99a3857bd8cc937449932cc?s=96&d=mm&r=g","url":"https:\/\/secure.gravatar.com\/avatar\/9c6f9b8465b965e8affa3bec0b793174662d4390e99a3857bd8cc937449932cc?s=96&d=mm&r=g","contentUrl":"https:\/\/secure.gravatar.com\/avatar\/9c6f9b8465b965e8affa3bec0b793174662d4390e99a3857bd8cc937449932cc?s=96&d=mm&r=g","caption":"christophe"},"logo":{"@id":"https:\/\/secure.gravatar.com\/avatar\/9c6f9b8465b965e8affa3bec0b793174662d4390e99a3857bd8cc937449932cc?s=96&d=mm&r=g"}}]}},"_links":{"self":[{"href":"https:\/\/www.objectifaune.fr\/index.php\/wp-json\/wp\/v2\/pages\/1007","targetHints":{"allow":["GET"]}}],"collection":[{"href":"https:\/\/www.objectifaune.fr\/index.php\/wp-json\/wp\/v2\/pages"}],"about":[{"href":"https:\/\/www.objectifaune.fr\/index.php\/wp-json\/wp\/v2\/types\/page"}],"author":[{"embeddable":true,"href":"https:\/\/www.objectifaune.fr\/index.php\/wp-json\/wp\/v2\/users\/2"}],"replies":[{"embeddable":true,"href":"https:\/\/www.objectifaune.fr\/index.php\/wp-json\/wp\/v2\/comments?post=1007"}],"version-history":[{"count":0,"href":"https:\/\/www.objectifaune.fr\/index.php\/wp-json\/wp\/v2\/pages\/1007\/revisions"}],"wp:attachment":[{"href":"https:\/\/www.objectifaune.fr\/index.php\/wp-json\/wp\/v2\/media?parent=1007"}],"curies":[{"name":"wp","href":"https:\/\/api.w.org\/{rel}","templated":true}]}}

Vidéos de Guêpier d&rsquo;Europe

<figure class="wp-block-video"><video height="1080" style="aspect-ratio: 1920 / 1080;" width="1920" controls src="https://www.objectifaune.fr/wp-content/uploads/2025/05/guepier_perchoir.mp4"></video></figure>



<pre class="wp-block-preformatted has-black-color has-very-light-gray-to-cyan-bluish-gray-gradient-background has-text-color has-background has-link-color wp-elements-37e43c15188c2fb1f11a763d561c1b9d">C'est mon perchoir, pas le tien... </pre>



<figure class="wp-block-video"><video height="1080" style="aspect-ratio: 1920 / 1080;" width="1920" controls src="https://www.objectifaune.fr/wp-content/uploads/2025/05/guepier_chant.mp4"></video></figure>



<pre class="wp-block-preformatted has-black-color has-very-light-gray-to-cyan-bluish-gray-gradient-background has-text-color has-background has-link-color wp-elements-44abd47e360b5ce4167d9eeca03055be">Les copains, je suis là !</pre>



<figure class="wp-block-video"><video height="1080" style="aspect-ratio: 1920 / 1080;" width="1920" controls src="https://www.objectifaune.fr/wp-content/uploads/2025/05/guepier_guepe.mp4"></video></figure>



<pre class="wp-block-preformatted has-black-color has-very-light-gray-to-cyan-bluish-gray-gradient-background has-text-color has-background has-link-color wp-elements-1022916eb8fa42933c009c24a2290c57">Guêpier en pleine action de nourrissage avec son abeille xylocope. Cette abeille bien qu'impressionnante est inoffensive mais très importante car c'est un pollinisateur.  </pre>

<p>C&rsquo;est mon perchoir, pas le tien&#8230; Les copains, je suis là ! Guêpier en pleine action de nourrissage avec son abeille xylocope. Cette abeille bien qu&rsquo;impressionnante est inoffensive mais très importante car c&rsquo;est un pollinisateur.</p>

<!-- This site is optimized with the Yoast SEO plugin v27.5 - https://yoast.com/product/yoast-seo-wordpress/ -->
<title>Vidéos de Guêpier d&#039;Europe - Un regard sur la nature</title>
<meta name="robots" content="index, follow, max-snippet:-1, max-image-preview:large, max-video-preview:-1" />
<link rel="canonical" href="https://www.objectifaune.fr/?page_id=1007" />
<meta property="og:locale" content="fr_FR" />
<meta property="og:type" content="article" />
<meta property="og:title" content="Vidéos de Guêpier d&#039;Europe - Un regard sur la nature" />
<meta property="og:description" content="C&#039;est mon perchoir, pas le tien... Les copains, je suis là ! Guêpier en pleine action de nourrissage avec son abeille xylocope. Cette abeille bien qu&#039;impressionnante est inoffensive mais très importante car c&#039;est un pollinisateur." />
<meta property="og:url" content="https://www.objectifaune.fr/?page_id=1007" />
<meta property="og:site_name" content="Un regard sur la nature" />
<meta name="twitter:card" content="summary_large_image" />
<script type="application/ld+json" class="yoast-schema-graph">{"@context":"https:\/\/schema.org","@graph":[{"@type":"WebPage","@id":"https:\/\/www.objectifaune.fr\/?page_id=1007","url":"https:\/\/www.objectifaune.fr\/?page_id=1007","name":"Vidéos de Guêpier d'Europe - Un regard sur la nature","isPartOf":{"@id":"https:\/\/www.objectifaune.fr\/#website"},"datePublished":"2025-05-20T07:44:39+00:00","breadcrumb":{"@id":"https:\/\/www.objectifaune.fr\/?page_id=1007#breadcrumb"},"inLanguage":"fr-FR","potentialAction":[{"@type":"ReadAction","target":["https:\/\/www.objectifaune.fr\/?page_id=1007"]}]},{"@type":"BreadcrumbList","@id":"https:\/\/www.objectifaune.fr\/?page_id=1007#breadcrumb","itemListElement":[{"@type":"ListItem","position":1,"name":"Accueil","item":"https:\/\/www.objectifaune.fr\/"},{"@type":"ListItem","position":2,"name":"Vidéos de Guêpier d&rsquo;Europe"}]},{"@type":"WebSite","@id":"https:\/\/www.objectifaune.fr\/#website","url":"https:\/\/www.objectifaune.fr\/","name":"objectifaune","description":"","publisher":{"@id":"https:\/\/www.objectifaune.fr\/#\/schema\/person\/bbdca95880e44b4c023a82443e3ff23e"},"potentialAction":[{"@type":"SearchAction","target":{"@type":"EntryPoint","urlTemplate":"https:\/\/www.objectifaune.fr\/?s={search_term_string}"},"query-input":{"@type":"PropertyValueSpecification","valueRequired":true,"valueName":"search_term_string"}}],"inLanguage":"fr-FR"},{"@type":["Person","Organization"],"@id":"https:\/\/www.objectifaune.fr\/#\/schema\/person\/bbdca95880e44b4c023a82443e3ff23e","name":"christophe","image":{"@type":"ImageObject","inLanguage":"fr-FR","@id":"https:\/\/secure.gravatar.com\/avatar\/9c6f9b8465b965e8affa3bec0b793174662d4390e99a3857bd8cc937449932cc?s=96&d=mm&r=g","url":"https:\/\/secure.gravatar.com\/avatar\/9c6f9b8465b965e8affa3bec0b793174662d4390e99a3857bd8cc937449932cc?s=96&d=mm&r=g","contentUrl":"https:\/\/secure.gravatar.com\/avatar\/9c6f9b8465b965e8affa3bec0b793174662d4390e99a3857bd8cc937449932cc?s=96&d=mm&r=g","caption":"christophe"},"logo":{"@id":"https:\/\/secure.gravatar.com\/avatar\/9c6f9b8465b965e8affa3bec0b793174662d4390e99a3857bd8cc937449932cc?s=96&d=mm&r=g"}}]}</script>
<!-- / Yoast SEO plugin. -->

Vidéos de Guêpier d'Europe - Un regard sur la nature

C'est mon perchoir, pas le tien... Les copains, je suis là ! Guêpier en pleine action de nourrissage avec son abeille xylocope. Cette abeille bien qu'impressionnante est inoffensive mais très importante car c'est un pollinisateur.
